ue
Suppose q + 2*d + 1 = 0, 5*q + 3*d + 1 - 10 = 0. Suppose -q*t + 852 = 291. Is t a prime number?
False
Let q be (-2 - -4)/(4/(-14)). Let u(y) = 2*y**2 - 9*y + 2. Is u(q) prime?
True
Let a = 38 - -4. Let u = 91 - a. Is u prime?
False
Let a(r) = -3*r - 3*r - 8 + 20. Let q be a(9). Let v = -23 - q. Is v prime?
True
Suppose 0 = -2*d + 822 - 20. Let n = -286 + d. Is n a composite number?
True
Suppose -3 - 5 = 4*g. Is (-46)/6*(g - 7) a prime number?
False
Let y be ((-2)/(-4))/(3/(-72)). Let s = -7 - y. Suppose -22 = -2*l + n + 47, s*l - 162 = -n. Is l prime?
False
Suppose -y - 5*t - 2 = 26, 3*t = 5*y. Let m be y/2*4/(-3). Suppose 0 = m*l + l - 105. Is l a composite number?
True
Let q = -10 + 1. Let x be (6/4)/(q/(-12)). Suppose 5*y - 24 = j + 21, x*j = -4*y + 36. Is y composite?
True
Let s(n) = n**2 - 3*n. Let q be s(3). Suppose -v - 2 + 5 = q, -g - 2*v + 83 = 0. Is g a prime number?
False
Let f be (6/(-3) - -10)/2. Let v = 6 - f. Suppose 4*t - j - 87 = 0, j - 6*j = -v*t + 57. Is t prime?
False
Let v = -2 + 1. Suppose -3*q + 1 - 10 = 0. Is (q/(-6))/(v/(-76)) prime?
False
Suppose 3*f + j - 10 = 0, 0*j = -5*f - 3*j + 18. Suppose b - f*b + 2 = 0. Is 115 + (1 - b) - 0 a prime number?
False
Suppose -5*n + 135 = -0*n. Let g be 3*(-48)/n*-3. Let i = g - -6. Is i a prime number?
False
Let h(l) = 8*l - 3. Is h(7) a prime number?
True
Is 5523/4 + 2/8 prime?
True
Let p(o) = -2*o**3 + 6*o**2 - 1. Let y be p(-5). Suppose -y + 144 = -5*s. Is s a prime number?
False
Let v = -3 + 3. Suppose 1 = y + 5*b, -y + 3*b + 9 = -v*b. Is 50/8*(y - 2) a prime number?
False
Is (220/(-8))/(-5)*4 composite?
True
Suppose -4*t + 16 = -0. Suppose 3*p - 164 = -5*b, 2*b = t*p + p - 232. Suppose -5*o = 5*s - s - p, 2*o = 4*s - 20. Is s a composite number?
False
Let x(o) = o**3 - 5*o**2 + 2. Let u be x(5). Suppose 2*p - 161 = -4*g + 245, 0 = u*p + 5*g - 402. Is p a composite number?
False
Suppose 2*w + 3*w + 2*p = 21, -3*w = 3*p - 18. Is w/(-5) - (-718)/5 composite?
True
Let u(r) = 79*r + 3. Is u(2) a prime number?
False
Let g be (-1*2 + 3)/(-1). Let o be ((1 + -1)/g)/(-2). Suppose m + 3*w = 70, -2*m + 90 = -4*w - o. Is m a prime number?
False
Let o be ((-2)/(-5))/((-2)/10). Let n be (-48)/(-21) + (-4)/14. Is -1 + o + 17*n a composite number?
False
Suppose 5*n - 291 = -4*m, 5*m + 4*n - 390 = 3*n. Is m composite?
False
Let x = 20 - 16. Is (28/(-42))/(x/(-546)) a composite number?
True
Let x = -4 + 3. Suppose 2*z - 3*u - 10 = 0, 4*z + 5*u = -z. Is 1 + x + 77 + z prime?
True
Let k = 49 + -34. Suppose 5*u - k = 160. Is u a prime number?
False
Suppose 2*a - 4*b = 12306, 2*a - 3*b = 7175 + 5127. Is a a composite number?
True
Suppose 0 = 3*r - 6*r + 6. Suppose 45 = 5*d - 4*m, -4 - 6 = r*m. Suppose 5*f - 270 = -5*g, -g - d*f = -6*g + 240. Is g a composite number?
True
Let p = 554 + 166. Suppose 0 = 5*n - 165 - p. Is n a composite number?
True
Suppose -4 = -2*q - 0, 4*k - 732 = 2*q. Suppose -2*o = 4*b - k, o = 3*b - 0*b - 138. Is b a composite number?
True
Suppose s = 4*l + 14, 3*l = 3*s + s - 17. Let o be (-9)/27 + (-7)/l. Is (1/(-4))/(o/(-568)) a composite number?
False
Let r(u) = -2*u**2 + 2*u - 9. Let h be r(6). Suppose -4*z = -215 - 273. Let c = z + h. Is c prime?
True
Let b be (-7)/(-2) + 6/(-12). Let c(s) = 3*s**2 - 3*s + 3. Let p be c(5). Suppose q - p = b*k + 55, -12 = -4*k. Is q a prime number?
True
Let q = 16 - 10. Let t = q + 19. Is t prime?
False
Let s be 2/3 - (-66)/9. Let x = s + -8. Let q = x - -13. Is q a prime number?
True
Let g(u) = u - 4. Let x be g(6). Suppose 5*f + 4*h - 305 = x*f, f - 106 = 3*h. Is f composite?
False
Let d(n) = -n**3 + 5*n**2 + 6*n. Let g be d(6). Let y = g + 12. Suppose 0*x = 2*x - y. Is x a prime number?
False
Is 124/((-8)/(-2)) + 0 composite?
False
Suppose -42*y = -43*y + 267. Is y prime?
False
Let q = -63 - -100. Is q composite?
False
Let y be -2 - (0 + -1 + -1). Is (-3 + -4)*(-41 + y) prime?
False
Let u = 9 + -7. Let m(j) = 4*j**3 + j**2 - j + 1. Is m(u) a composite number?
True
Suppose -5*o + 31 = -4. Let w(f) = -f**3 + 7*f**2 + f - 4. Let r be w(o). Suppose q - 3 = r. Is q a composite number?
True
Let v(d) = -1 - 5*d**2 + 1 + 2 + d**3 - 2*d - 6. Let o be v(5). Is (1 + 2 + o)*-5 a prime number?
False
Let h(t) = t**3 - 9*t**2 + 7*t + 8. Let y be h(8). Suppose -11 = -r - 2*i + 1, y = r - 5*i - 5. Is r composite?
True
Let p be (-2)/1 + 0 + 14. Suppose -4*s = -i - 4*i + 358, p = 4*s. Is i a composite number?
True
Suppose -6*d + 4 = -2*d. Let z = 8 + d. Is 2*z/6 - -11 composite?
True
Suppose 885 = a + 4*a. Is a prime?
False
Let u(j) = -30*j**3 - j**2 - 12*j + 2. Is u(-3) a composite number?
False
Suppose j = k + 1079, 5*j = 2*k - 1047 + 6442. Is j a composite number?
True
Suppose -3*y - 21 = -6*r + 3*r, -3*r = 4*y + 14. Is r - 3 - (8 + -102) composite?
True
Let n(c) = c**2 - 7*c - 13. Let w be n(9). Suppose -w*y = -2*y - 237. Is y a prime number?
True
Let d(i) be the third derivative of i**4/24 - 3*i**2. Let o be d(-2). Let j = 9 + o. Is j prime?
True
Let c(n) = 20*n**2 + 4*n - 3. Suppose -q = -3*q - 14. Let t = -5 - q. Is c(t) prime?
False
Let d = -121 + 172. Is d composite?
True
Let l(o) = -2*o**3 - 5*o**2 - 2*o - 1. Is l(-3) prime?
False
Suppose 2 + 4 = 3*i. Suppose p = i*p - 89. Is p a prime number?
True
Let g(d) = 2*d**3 - 2*d**2 - 4*d - 3. Let k be g(4). Suppose k = r - 25. Let j = r + -37. Is j a composite number?
True
Let y be (21/4)/(6/16). Let f = y - 8. Suppose k = 8 + f. Is k prime?
False
Let t = -6 + 10. Let b(d) = 3*d**2 + 13*d + 4. Let m be b(-4). Suppose c + 3*j = 313, -t + m = -j. Is c composite?
True
Let p(x) = 63*x - 4. Is p(7) composite?
True
Suppose -134 = -4*b + 2*b. Is b a composite number?
False
Let i(z) = -15*z**2 + z + 1. Let h be i(-1). Let y be (0 - 0) + (-6 - h). Let r = 132 + y. Is r prime?
False
Suppose 25 = 3*g - 2*g + 2*a, -2*g + 44 = 2*a. Let u = g + 24. Is u a prime number?
True
Let m(y) = -y**3 + 8*y**2 - 4*y - 7. Let s(w) = w**3 - 9*w**2 + 9*w - 1. Let c be s(8). Is m(c) prime?
False
Suppose -x - 2*x + 2103 = 0. Is x prime?
True
Suppose 3*a + 2*a = 25. Is (-956)/(-5) + (-1)/a a prime number?
True
Suppose -2*x = -3*y + 2*x + 1563, 5*y + x - 2582 = 0. Is y a prime number?
False
Suppose 143 = 33*f - 32*f. Is f prime?
False
Let h(v) = -4*v**3 + 8*v**2 - v - 3. Let d be h(6). Let p = -264 - d. Is p prime?
False
Let p = -9 - -258. Is p a prime number?
False
Suppose 0*q - 5*d = -3*q - 25, d = -5*q + 5. Let i be (q - (-2 - 0))*31. Suppose -v = v - i. Is v a prime number?
True
Suppose 0 = b - 2*c - 457, 5*b - 2*c - 1858 = b. Is b a prime number?
True
Is (-2 + 1)/((3/1)/(-2721)) a prime number?
True
Let n(i) = -34*i - 29. Is n(-12) prime?
True
Let t = 366 - 1821. Is t/(-10) + 2/(-4) composite?
True
Let d(g) = -g**3 + 4*g**2 + 8*g + 3. Let j be d(6). Is (-2)/7 + (-4437)/j a composite number?
False
Let s(f) = 3*f**2 + f**2 - 4*f - 1 + 2 + 1. Let b be s(-5). Let t = b + -83. Is t a prime number?
False
Suppose -3*j = 12 - 3. Let r = j + 8. Suppose -61 = -r*h + 4*t, -h + t + 40 = 3*h. Is h a composite number?
True
Let s = -25 + 216. Is s prime?
True
Let l(u) = -8*u - 3. Let c(k) = -8*k - 4. Let t(h) = -4*c(h) + 5*l(h). Is t(-1) composite?
True
Let r = 2201 - 106. Is r composite?
True
Suppose -65 = -4*f + 83. Suppose 6 = -0*c + 3*c, f = -3*b - 4*c. Is 3/(-5)*1*b prime?
False
Suppose -1116 = -2*j + 5*b, -85 = 4*j - b - 2299. Is j prime?
False
Suppose 4*i = -0*i + 60. Is 38/(1 - i/21) a composite number?
True
Suppose -3*d = -127 - 71. Let z be 8/(1/2*2). Suppose d = n + z. Is n prime?
False
Suppose -r = -3*h - 67 + 3, -5*h = -2*r + 133. Is r prime?
True
Suppose 2*x + 6 = 0, 2*w - 960 = 6*w + 4*x. Is w/(-4)*(-32)/(-12) prime?
False
Is 3 - 25*(-5 + 1) a prime number?
True
Let f = -13 - -22. Let v be (-2)/f + 4310/(-45). Is v/(-4) - (1 - 0) a prime number?
True
Suppose 4*d + 6 = -o - d, 3*o = d + 14. Suppose 3*f - 2*f + r = 6, o*f - 4*r = -8. Suppose 5*q + 0*m = 4*m + 103, -f*q - m + 49 = 0. Is q a composite number?
False
Let l(i) = 6*i**2 + 22*i**2 + 7*i + 3 - 4 + 2. Is l(3) composite?
True
Let z = 27 - -62. Is z composite?
False
Let g = -44 - -391. Is g composite?
False
Let a(l) = -7*l**3 - 3*l**2 + 3*l + 7. Is a(-4) a composite number?
True
Let o(f) = -f + 9. Let n be o(0). Let x(r) = r - 5. Let l be x(n). Is (-2)/(((-12)/21)/l) 